- 18834. What is b(-10)?
-14
Let u(a) = -388037*a - 22. Give u(0).
-22
Let m(j) = -6169*j + 30492. Give m(5).
-353
Let d(n) = 540*n**2 + n - 39. Give d(0).
-39
Let l(b) = -8*b**2 + 208*b - 147. What is l(25)?
53
Let z(s) = 160789*s - 17525999. Give z(109).
2
Let a(s) = 68*s**2 + 608*s + 509. Calculate a(-8).
-3
Let p(q) = q**2 + 173*q + 7367. Determine p(-71).
125
Let z(h) = -1309392*h - 20950259. Give z(-16).
13
Let x(a) = -a**3 - 232*a**2 + 2685*a - 86. Give x(11).
46
Let y(p) = -7*p**2 - 279*p - 216. What is y(-39)?
18
Let a(b) = 591263*b - 2365052. Calculate a(4).
0
Let j(f) = -f**2 - 216*f - 13002. Determine j(-126).
-1662
Let x(d) = 28*d**3 + 300*d**2 - 7*d - 32. Give x(-11).
-923
Let n(y) = 2*y**3 - 68*y**2 + 110*y - 1068. What is n(32)?
-1644
Let x(i) = -735*i**2 + 4253*i + 957. Calculate x(6).
15
Let l(g) = 3*g**3 + 137*g**2 - 731*g + 893. Determine l(3).
14
Let m(g) = 626*g**2 + 5012*g + 68. Give m(-8).
36
Let w(l) = 118*l**2 - 14753*l + 341. What is w(125)?
-34
Let f(k) = 8*k**2 - 1724*k - 15277. Give f(224).
-45
Let z(c) = c**3 - 9*c**2 + 2*c + 53. Calculate z(7).
-31
Let j(g) = -g**3 + 566*g**2 - 2244*g - 14. What is j(4)?
2
Let a(b) = -b**2 - 489*b - 455. Determine a(0).
-455
Let u(l) = -4642*l - 61668. Determine u(-13).
-1322
Let d(t) = 35219*t - 563539. Calculate d(16).
-35
Let x(a) = 19*a**2 + 1042*a - 1361. Determine x(-56).
-129
Let b(j) = -4*j**2 + 25*j + 8. Determine b(3).
47
Let t(w) = -61314*w + 307061. Calculate t(5).
491
Let f(q) = -q**2 - 383*q - 32861. What is f(-253)?
29
Let a(i) = -i**3 + 4*i**2 + 93*i + 324. Give a(-6).
126
Let k(n) = -32*n**3 + 3*n**2 + 24*n - 83. Calculate k(3).
-848
Let p(j) = -j**3 + 25*j**2 + 33*j + 180. Determine p(26).
362
Let p(d) = d**2 - 21759*d + 3991198. Calculate p(185).
8
Let p(d) = -d**2 + 945*d - 5615. Calculate p(6).
19
Let p(h) = 15*h - 741. What is p(30)?
-291
Let l(r) = r**3 - 16*r**2 - 32*r + 967. What is l(12)?
7
Let f(v) = -32325*v - 5333604. What is f(-165)?
21
Let h(n) = 2529*n + 28723. Calculate h(-12).
-1625
Let i(z) = -5373*z + 558599. Give i(104).
-193
Let g(d) = -2*d**3 + 939*d**2 - 110022*d - 668. Calculate g(225).
7
Let g(c) = -11*c**2 - 521*c - 580. Calculate g(-47).
-392
Let t(m) = m**3 + 69*m**2 - 118*m + 1341. Determine t(-71).
-363
Let m(j) = 18*j**2 - 2685*j + 410. What is m(149)?
-37
Let d(c) = -c**3 - 46*c**2 + 997*c + 41609. Determine d(-49).
-41
Let j(n) = 2*n**3 - 53*n**2 + 187*n - 7597. Determine j(28).
-9
Let l(n) = 100321*n + 2106694. What is l(-21)?
-47
Let t(n) = 92664*n - 1760594. Determine t(19).
22
Let l(h) = 25*h**2 - 29279*h + 63115. Calculate l(1169).
-11
Let x(a) = 29880*a + 926299. What is x(-31)?
19
Let i(z) = -10*z**3 - 2479*z**2 + 239*z - 2269. What is i(-248)?
-37
Let t(r) = -r**3 + 49*r**2 - 252*r - 156. Determine t(43).
102
Let j(q) = 2382*q - 42488. What is j(18)?
388
Let d(a) = -5941*a - 338634. What is d(-57)?
3
Let p(s) = -s**2 + 373*s - 28173. Calculate p(105).
-33
Let c(i) = 42*i**2 + 13237*i + 67258. Give c(-310).
-12
Let w(r) = -284*r + 5896. Determine w(21).
-68
Let i(w) = 11*w**3 + 54*w**2 + 14*w + 18. What is i(-5)?
-77
Let w(o) = 13*o**2 - 31*o + 50. Calculate w(10).
1040
Let l(i) = -2*i**3 - 254*i**2 + 775*i - 668. Determine l(-130).
-18
Let t(o) = 6*o**2 - 1061*o - 2150. Determine t(-2).
-4
Let b(g) = -2*g**3 - 356*g**2 + 414*g + 10032. Determine b(-179).
8
Let r(v) = -v**3 - 375*v**2 - 9402*v - 128. Determine r(-27).
34
Let c(a) = -856*a + 469934. What is c(549)?
-10
Let c(v) = 9401*v + 5001303. Give c(-532).
-29
Let u(n) = -n**3 + 367*n**2 + 1687*n + 64355. What is u(372)?
-1
Let k(v) = -4*v**2 - 1185692*v + 3557109. Calculate k(3).
-3
Let f(a) = 14*a**2 - 533*a - 6981. Give f(-10).
-251
Let v(c) = -c**2 - 454583*c - 3182029. Give v(-7).
3
Let f(w) = -w**2 + 2678*w + 243258. Calculate f(-88).
-150
Let n(g) = g**2 - 35748*g + 2070019. Give n(58).
-1
Let o(x) = -x**3 + x**2 + 56*x - 1308. Give o(0).
-1308
Let p(w) = 34*w**3 - 682*w**2 + 7*w + 43. Give p(20).
-617
Let s(b) = 1466402*b - 8798413. Calculate s(6).
-1
Let f(z) = -123324*z - 739925. Calculate f(-6).
19
Let m(j) = -j**3 + 263*j**2 + 1369*j + 65882. Give m(269).
-23
Let d(l) = -2*l**3 - 14*l**2 - 493*l - 4085. Calculate d(-8).
-13
Let n(y) = -10*y**2 + 19*y + 26. Determine n(-5).
-319
Let y(n) = -63*n**3 - 9*n**2 + 203*n - 547. Calculate y(3).
-1720
Let f(s) = 3*s**2 + 22*s - 401. Give f(10).
119
Let s(y) = -2*y**3 + 423*y**2 - 5805*y + 18114. Give s(197).
-10
Let i(v) = -3029*v + 1144420. Calculate i(378).
-542
Let h(p) = 7469*p**2 - 321168*p + 50. Determine h(43).
7
Let p(k) = -k**3 + 8*k**2 + 58*k - 404. Give p(6).
16
Let u(w) = 182*w + 8749. What is u(-52)?
-715
Let n(w) = -1781*w - 14381. Determine n(-8).
-133
Let z(n) = 1023180*n + 7162267. Calculate z(-7).
7
Let k(u) = 2*u**3 - 58*u**2 + 374*u - 39. What is k(19)?
-153
Let c(h) = -5465*h - 27320. Calculate c(-5).
5
Let a(n) = 7*n**3 - 2352*n**2 - 45*n + 15347. Determine a(336).
227
Let m(g) = -93812*g + 2251488. What is m(24)?
0
Let y(s) = -526*s - 312. Give y(1).
-838
Let g(y) = 19433*y - 932705. Determine g(48).
79
Let a(r) = r**3 + 66*r**2 + 179*r + 3258. Calculate a(-64).
-6
Let m(b) = 5*b**2 - 76304*b - 228952. Give m(-3).
5
Let c(h) = 16075*h - 273243. What is c(17)?
32
Let f(x) = x**2 + 5984*x + 137087. Calculate f(-23).
-16
Let f(w) = -2*w**3 + 1045*w**2 + 46821*w - 5078. Determine f(564).
-2
Let d(r) = -7236*r + 50. What is d(0)?
50
Let d(t) = 365*t + 15392. Determine d(-42).
62
Let g(k) = k**2 + 5809*k + 98514. Give g(-17).
50
Let g(z) = z**3 + 21*z**2 + 352*z + 7788. What is g(-22)?
-440
Let p(n) = -1665*n - 1267049. Calculate p(-761).
16
Let d(o) = -3*o**2 + 2040*o - 16189. Calculate d(8).
-61
Let h(c) = -c**3 + 282*c**2 - 3779*c + 7260. What is h(268)?
24
Let b(m) = 5*m**2 + 82697*m + 495982. Determine b(-6).
-20
Let w(v) = 2*v**2 - 1002*v - 375491. Give w(-250).
9
Let z(f) = -4*f**2 + 823*f + 17325. Calculate z(225).
0
Let b(m) = 13085*m + 39374. What is b(-3)?
119
Let f(w) = 4*w**3 - 1073*w**2 - 746*w - 16416. Give f(269).
-7
Let h(y) = 57*y**2 + 2441*y - 364. What is h(-43)?
66
Let r(c) = c**3 + 82*c**2 + 1023*c + 233. Determine r(-15).
-37
Let i(q) = -2*q**3 - 638*q**2 - 4336*q + 9911. What is i(-312)?
-73
Let m(h) = 353*h - 7079. Determine m(20).
-19
Let l(i) = -29199*i + 262554. Give l(9).
-237
Let o(i) = -3*i**3 - 55*i**2 - 15*i - 773. Give o(-19).
234
Let b(j) = 499*j**2 + 5455*j - 157. Give b(-11).
217
Let f(i) = -166*i - 9775. Calculate f(-57).
-313
Let r(g) = g**3 - 459*g**2 + 4485*g + 2253. What is r(449)?
8
Let n(j) = -140*j**2 - 1226*j - 766. Give n(-8).
82
Let d(t) = 10220*t - 70590. Determine d(7).
950
Let q(x) = -137*x**2 - 102*x + 162. Calculate q(2).
-590
Let o(d) = 430*d**2 + 19792*d + 255. Determine o(-46).
-297
Let u(z) = z**2 - 144*z + 1680. Determine u(131).
-23
Let n(t) = -t**3 - 2*t**2 - 426*t - 1693. Calculate n(-4).
43
Let v(l) = 371*l**2 - 34*l + 35. What is v(1)?
372
Let w(h) = -85*h**2 - 148*h + 2. Determine w(4).
-1950
Let h(x) = -2*x**2 - 1159*x + 126634. Give h(94).
16
Let b(t) = -t**3 - 64*t**2 + 69*t - 731. Determine b(-65).
-991
Let o(f) = -f**2 + 19461*f + 116905. Determine o(-6).
103
Let w(t) = -t**3 - 18*t**2 - 147*t - 2261. Determine w(-17).
-51
Let m(r) = -28*r**3 + 1622*r**2 + 58*r + 3366. Give m(58).
2
Let a(g) = -21*g**2 - 6068*g + 6082. Give a(1).
-7
Let o(v) = -2*v**2 - 1373*v + 8303. Give o(6).
-7
Let q(z) = 882*z**2 - 12357*z + 135. Give q(14).
9
Let o(h) = -19*h**3 - 25*h**2 - 45*h - 19. Calculate o(-1).
20
Let c(l) = -l**2 - 68197*l + 477465. Determine c(7).
37
Let r(k) = 73907*k + 665221. What is r(-9)?
58
Let p(u) = -2537*u**2 - 342486*u + 1197. Calculate p(-135).
-18
Let y(p) = -108*p + 1979. What is y(21)?
-289
Let z(q) = q**3 - 103*q**2 - 195*q + 108. What is z(105)?
1683
Let y(c) = 73888*c - 1108314. Determine y(15).
6
Let d(y) = 326*y - 415. Calculate d(1).
-89
Let r(s) = -5*s**2 - 1472*s - 313. Calculate r(-293).
1738
Let f(q) = -5*q**2 - 1340*q + 4085. What is f(-271)?
20
Let i(v) = 401*v - 13868. Give i(35).
167
Let f(l) = 93*l**2 + 1357*l - 299. Calculate f(-14).
-1069
Let j(s) = 2274*s - 263777. Calculate j(116).
7
Let c(d) = d**3 + 110*d**2 - 931*d + 1903. What is c(4)?
3
Let j(g) = 75*g**3 + 528*g**2 - 580*g - 31. Determine j